{"version":"1.0","type":"rich","provider_name":"Le Grand M\u00e9nage","provider_url":"http:\/\/legrandmenage.fr","title":"Le samedi 12&nbsp;octobre entre 9h30 et 18h, venez&hellip;","author_name":"Anne Barroil","width":"480","height":"295","url":"https:\/\/www.legrandmenage.fr\/les-actus\/article\/le-samedi-12-octobre-entre-9h30-et-18h-venez","html":"\u003Ch4 class='title'\u003E\u003Ca href='https:\/\/www.legrandmenage.fr\/les-actus\/article\/le-samedi-12-octobre-entre-9h30-et-18h-venez'\u003ELe samedi 12&nbsp;octobre entre 9h30 et 18h, venez&hellip;\u003C\/a\u003E\u003C\/h4\u003E\u003Cblockquote class='spip'\u003E\n\u003Cp\u003ELe samedi 12&nbsp;octobre entre 9h30 et 18h, venez nous parler de &#171;&nbsp;votre Bonde&nbsp;&#187; \u00e0 partir d\u2019une anecdote, d\u2019une photo, d\u2019un souvenir\u2026 \n\n VENEZ NOUS RACONTER VOTRE BONDE, VOS HISTOIRES, VOS ANECDOTES DANS LE STUDIO MOBILE DE OUSTE&nbsp;! \n\nLe samedi 12&nbsp;octobre entre 9h30 et 18h, venez nous parler de la Bonde \u00e0 partir d\u2019une anecdote, d\u2019une photo, d\u2019un souvenir\u2026 Nous r\u00e9alisons des interviews de vous, de vos parents, vos enfants, vos grand-parents. Vous participerez ainsi \u00e0 la s\u00e9rie sonore &#171;&nbsp;Les voix de&nbsp;(\u2026)\u003C\/p\u003E\n\u003C\/blockquote\u003E\n"}

Le Grand Ménage

<h4 class='title'><a href='https://www.legrandmenage.fr/les-actus/article/le-samedi-12-octobre-entre-9h30-et-18h-venez'>Le samedi 12&nbsp;octobre entre 9h30 et 18h, venez&hellip;</a></h4><blockquote class='spip'>
<p>Le samedi 12&nbsp;octobre entre 9h30 et 18h, venez nous parler de &#171;&nbsp;votre Bonde&nbsp;&#187; à partir d’une anecdote, d’une photo, d’un souvenir… 

 VENEZ NOUS RACONTER VOTRE BONDE, VOS HISTOIRES, VOS ANECDOTES DANS LE STUDIO MOBILE DE OUSTE&nbsp;! 

Le samedi 12&nbsp;octobre entre 9h30 et 18h, venez nous parler de la Bonde à partir d’une anecdote, d’une photo, d’un souvenir… Nous réalisons des interviews de vous, de vos parents, vos enfants, vos grand-parents. Vous participerez ainsi à la série sonore &#171;&nbsp;Les voix de&nbsp;(…)</p>
</blockquote>
