{"version":"1.0","type":"rich","provider_name":"Le Grand M\u00e9nage","provider_url":"http:\/\/legrandmenage.fr","title":"Journ\u00e9e des associations \u00e0 Cucuron - 06&nbsp;septembre 2025","author_name":"Anne Barroil","width":"480","height":"295","url":"https:\/\/www.legrandmenage.fr\/les-actus\/article\/journee-des-associations-a-cucuron-06-septembre-2025","html":"\u003Ch4 class='title'\u003E\u003Ca href='https:\/\/www.legrandmenage.fr\/les-actus\/article\/journee-des-associations-a-cucuron-06-septembre-2025'\u003EJourn\u00e9e des associations \u00e0 Cucuron - 06&nbsp;septembre 2025\u003C\/a\u003E\u003C\/h4\u003E\u003Cblockquote class='spip'\u003E\n\u003Cp\u003ENous serons pr\u00e9sents \u00e0 la journ\u00e9e des associations \u00e0 Cucuron. Samedi 06&nbsp;septembre 2025, de 10h \u00e0 15h Place de l\u2019\u00c9tang \n\nVenez nous rencontrer&nbsp;!\u003C\/p\u003E\n\u003C\/blockquote\u003E\n"}

Le Grand Ménage

Journée des associations à Cucuron - 06&nbsp;septembre 2025

<h4 class='title'><a href='https://www.legrandmenage.fr/les-actus/article/journee-des-associations-a-cucuron-06-septembre-2025'>Journée des associations à Cucuron - 06&nbsp;septembre 2025</a></h4><blockquote class='spip'>
<p>Nous serons présents à la journée des associations à Cucuron. Samedi 06&nbsp;septembre 2025, de 10h à 15h Place de l’Étang 

Venez nous rencontrer&nbsp;!</p>
</blockquote>
