{"version":"1.0","type":"rich","provider_name":"Le Grand M\u00e9nage","provider_url":"http:\/\/legrandmenage.fr","title":"F\u00eate des b\u00e9n\u00e9voles et des adh\u00e9rents","author_name":"Anne Barroil","width":"480","height":"295","url":"https:\/\/www.legrandmenage.fr\/les-actus\/article\/fete-des-benevoles-et-des-adherents","html":"\u003Ch4 class='title'\u003E\u003Ca href='https:\/\/www.legrandmenage.fr\/les-actus\/article\/fete-des-benevoles-et-des-adherents'\u003EF\u00eate des b\u00e9n\u00e9voles et des adh\u00e9rents\u003C\/a\u003E\u003C\/h4\u003E\u003Cblockquote class='spip'\u003E\n\u003Cp\u003ESUR INSCRIPTION au 07 49 40 07 18 ou sur contact(to)legrandmenage.fr  \n\nAfin de remercier tout un chacun pour son adh\u00e9sion \u00e0 notre projet artistique et\/ou son aide sur le &#171;&nbsp;Grand m\u00e9nage de printemps&nbsp;&#187;, festival des arts de la rue que nous organisons en avril\u2026 nous proposons un moment festif le mardi 22&nbsp;octobre 2024. \n\nUne sortie de r\u00e9sidence ouverte \u00e0 tous sera propos\u00e9e \u00e0 19h par L\u2019Agonie du palmier et Coline Trouv\u00e9 \n\nUn repas et une soir\u00e9e festive suivront\u2026 plus d\u2019infos prochainement\u2026&nbsp;(\u2026)\u003C\/p\u003E\n\u003C\/blockquote\u003E\n"}

Le Grand Ménage

Fête des bénévoles et des adhérents

<h4 class='title'><a href='https://www.legrandmenage.fr/les-actus/article/fete-des-benevoles-et-des-adherents'>Fête des bénévoles et des adhérents</a></h4><blockquote class='spip'>
<p>SUR INSCRIPTION au 07 49 40 07 18 ou sur contact(to)legrandmenage.fr  

Afin de remercier tout un chacun pour son adhésion à notre projet artistique et/ou son aide sur le &#171;&nbsp;Grand ménage de printemps&nbsp;&#187;, festival des arts de la rue que nous organisons en avril… nous proposons un moment festif le mardi 22&nbsp;octobre 2024. 

Une sortie de résidence ouverte à tous sera proposée à 19h par L’Agonie du palmier et Coline Trouvé 

Un repas et une soirée festive suivront… plus d’infos prochainement…&nbsp;(…)</p>
</blockquote>
