{"version":"1.0","type":"rich","provider_name":"Le Grand M\u00e9nage","provider_url":"http:\/\/legrandmenage.fr","title":"Sortie th\u00e9\u00e2tre&nbsp;: Le cabaret des absents","author_name":"Anne Barroil","width":"480","height":"295","url":"https:\/\/www.legrandmenage.fr\/la-saison\/article\/sortie-theatre-le-cabaret-des-absents","html":"\u003Ch4 class='title'\u003E\u003Ca href='https:\/\/www.legrandmenage.fr\/la-saison\/article\/sortie-theatre-le-cabaret-des-absents'\u003ESortie th\u00e9\u00e2tre&nbsp;: Le cabaret des absents\u003C\/a\u003E\u003C\/h4\u003E\u003Cblockquote class='spip'\u003E\u003Cp\u003EANNULE \/ \/ Th\u00e9\u00e2tre - Fran\u00e7ois Cervantes\u003C\/p\u003E\u003C\/blockquote\u003E\n"}

Le Grand Ménage

Sortie théâtre&nbsp;: Le cabaret des absents

<h4 class='title'><a href='https://www.legrandmenage.fr/la-saison/article/sortie-theatre-le-cabaret-des-absents'>Sortie théâtre&nbsp;: Le cabaret des absents</a></h4><blockquote class='spip'><p>ANNULE / / Théâtre - François Cervantes</p></blockquote>
