{"version":"1.0","type":"rich","provider_name":"Le Grand M\u00e9nage","provider_url":"http:\/\/legrandmenage.fr","title":"&#171;&nbsp;Dis-Marcel&nbsp;!&nbsp;&#187;","author_name":"Anne Barroil","width":"480","height":"295","url":"https:\/\/www.legrandmenage.fr\/la-saison\/article\/dis-marcel-80","html":"\u003Ch4 class='title'\u003E\u003Ca href='https:\/\/www.legrandmenage.fr\/la-saison\/article\/dis-marcel-80'\u003E&#171;&nbsp;Dis-Marcel&nbsp;!&nbsp;&#187;\u003C\/a\u003E\u003C\/h4\u003E\u003Cblockquote class='spip'\u003E\n\u003Cp\u003ELectures spectacle autour de PAGNOL. Une co-production du Grand m\u00e9nage et de l\u2019Office de Tourisme Luberon C\u00f4t\u00e9 Sud sur une id\u00e9e originale de Jean-Marc Fort. \n\nCe projet hybride, \u00e0 travers le th\u00e9\u00e2tre de rue et l\u2019exp\u00e9rimentation sonore, vise \u00e0 \u00e9voquer l\u2019\u0153uvre de Marcel Pagnol &#171;&nbsp;Le Temps des secrets&nbsp;&#187; et entra\u00eene le public jusqu\u2019\u00e0 un plateau de cin\u00e9ma des ann\u00e9es trente\u2026 \n\nTrois repr\u00e9sentations sont pr\u00e9vues&nbsp;: le 6&nbsp;juillet 2021 \u00e0 Grambois le 9&nbsp;juillet 2021 \u00e0 La Bastide des Jourdans le 11&nbsp;juillet&nbsp;(\u2026)\u003C\/p\u003E\n\u003C\/blockquote\u003E\n"}

Le Grand Ménage

<h4 class='title'><a href='https://www.legrandmenage.fr/la-saison/article/dis-marcel-80'>&#171;&nbsp;Dis-Marcel&nbsp;!&nbsp;&#187;</a></h4><blockquote class='spip'>
<p>Lectures spectacle autour de PAGNOL. Une co-production du Grand ménage et de l’Office de Tourisme Luberon Côté Sud sur une idée originale de Jean-Marc Fort. 

Ce projet hybride, à travers le théâtre de rue et l’expérimentation sonore, vise à évoquer l’œuvre de Marcel Pagnol &#171;&nbsp;Le Temps des secrets&nbsp;&#187; et entraîne le public jusqu’à un plateau de cinéma des années trente… 

Trois représentations sont prévues&nbsp;: le 6&nbsp;juillet 2021 à Grambois le 9&nbsp;juillet 2021 à La Bastide des Jourdans le 11&nbsp;juillet&nbsp;(…)</p>
</blockquote>
