{"version":"1.0","type":"rich","provider_name":"Le Grand M\u00e9nage","provider_url":"http:\/\/legrandmenage.fr","title":"Nous ne recherchons plus de volontaires en service civique pour cette ann\u00e9e","author_name":"Anne Barroil","width":"480","height":"295","url":"http:\/\/www.legrandmenage.fr\/les-actus\/article\/nous-recherchons-2-volontaires-en-service-civique","html":"\u003Ch4 class='title'\u003E\u003Ca href='http:\/\/www.legrandmenage.fr\/les-actus\/article\/nous-recherchons-2-volontaires-en-service-civique'\u003ENous ne recherchons plus de volontaires en service civique pour cette ann\u00e9e\u003C\/a\u003E\u003C\/h4\u003E\u003Cblockquote class='spip'\u003E\n\u003Cp\u003EDans le cadre du programme d\u2019actions g\u00e9n\u00e9rales, les missions du candidat seront pr\u00e9cis\u00e9es en fonction de ses centres d\u2019int\u00e9r\u00eat et de son projet personnel. Accompagner le projet &#171;&nbsp;Caravane sonore&nbsp;&#187;&nbsp;: projet citoyen en relation avec les jeunes habitants du territoire pour cr\u00e9er des podcasts audio pour le media de proximit\u00e9 Ouste&nbsp;! Le volontaire co-animera ces caravanes sonores. Participation \u00e0 l\u2019accueil des spectacles pendant le festival et pendant la saison Suivi de l\u2019accueil des artistes&nbsp;(\u2026)\u003C\/p\u003E\n\u003C\/blockquote\u003E\n"}

Le Grand Ménage

Nous ne recherchons plus de volontaires en service civique pour cette année

<h4 class='title'><a href='http://www.legrandmenage.fr/les-actus/article/nous-recherchons-2-volontaires-en-service-civique'>Nous ne recherchons plus de volontaires en service civique pour cette année</a></h4><blockquote class='spip'>
<p>Dans le cadre du programme d’actions générales, les missions du candidat seront précisées en fonction de ses centres d’intérêt et de son projet personnel. Accompagner le projet &#171;&nbsp;Caravane sonore&nbsp;&#187;&nbsp;: projet citoyen en relation avec les jeunes habitants du territoire pour créer des podcasts audio pour le media de proximité Ouste&nbsp;! Le volontaire co-animera ces caravanes sonores. Participation à l’accueil des spectacles pendant le festival et pendant la saison Suivi de l’accueil des artistes&nbsp;(…)</p>
</blockquote>
