{"version":"1.0","type":"rich","provider_name":"Le Grand M\u00e9nage","provider_url":"http:\/\/legrandmenage.fr","title":"ASSEMBL\u00c9E G\u00c9N\u00c9RALE 2026 de CULTURE LUB ","author_name":"Shana Esnault","width":"480","height":"295","url":"http:\/\/www.legrandmenage.fr\/les-actus\/article\/assemblee-generale-2026-de-culture-lub","html":"\u003Ch4 class='title'\u003E\u003Ca href='http:\/\/www.legrandmenage.fr\/les-actus\/article\/assemblee-generale-2026-de-culture-lub'\u003EASSEMBL\u00c9E G\u00c9N\u00c9RALE 2026 de CULTURE LUB \u003C\/a\u003E\u003C\/h4\u003E\u003Cblockquote class='spip'\u003E\u003Cp\u003EASSEMBL\u00c9E G\u00c9N\u00c9RALE 2026 de CULTURE LUB  \nMercredi 4&nbsp;mars 2026 \u00e0 18h30 - Salle polyvalente du Pays d&#8217;Aigues \u00e0 la Tour d&#8217;Aigues\u003C\/p\u003E\u003C\/blockquote\u003E\n"}

Le Grand Ménage

ASSEMBLÉE GÉNÉRALE 2026 de CULTURE LUB

<h4 class='title'><a href='http://www.legrandmenage.fr/les-actus/article/assemblee-generale-2026-de-culture-lub'>ASSEMBLÉE GÉNÉRALE 2026 de CULTURE LUB </a></h4><blockquote class='spip'><p>ASSEMBLÉE GÉNÉRALE 2026 de CULTURE LUB  
Mercredi 4&nbsp;mars 2026 à 18h30 - Salle polyvalente du Pays d&#8217;Aigues à la Tour d&#8217;Aigues</p></blockquote>
