{"version":"1.0","type":"rich","provider_name":"Le Grand M\u00e9nage","provider_url":"http:\/\/legrandmenage.fr","title":"\u00c9dition 2018","author_name":"Anne Barroil","width":"480","height":"295","url":"http:\/\/www.legrandmenage.fr\/le-festival\/editions-precedentes\/article\/edition-2018","html":"\u003Ch4 class='title'\u003E\u003Ca href='http:\/\/www.legrandmenage.fr\/le-festival\/editions-precedentes\/article\/edition-2018'\u003E\u00c9dition 2018\u003C\/a\u003E\u003C\/h4\u003E\u003Cblockquote class='spip'\u003E\u003Cp\u003ET\u00e9l\u00e9chargez le programme du Grand m\u00e9nage de printemps 2018\u003C\/p\u003E\u003C\/blockquote\u003E\n"}

Le Grand Ménage

Édition 2018

<h4 class='title'><a href='http://www.legrandmenage.fr/le-festival/editions-precedentes/article/edition-2018'>Édition 2018</a></h4><blockquote class='spip'><p>Téléchargez le programme du Grand ménage de printemps 2018</p></blockquote>
